{"id":282,"date":"2018-09-25T12:19:39","date_gmt":"2018-09-25T10:19:39","guid":{"rendered":"https:\/\/www.fermedesainteluce.com\/web\/?page_id=282"},"modified":"2021-11-22T10:41:20","modified_gmt":"2021-11-22T09:41:20","slug":"le-pain","status":"publish","type":"page","link":"https:\/\/www.fermedesainteluce.com\/web\/decouvrez-nos-produits\/le-pain\/","title":{"rendered":"Les pains"},"content":{"rendered":"<p>Notre pain et nos biscuits sont fabriqu\u00e9s au levain naturel, p\u00e9tris \u00e0 la main et cuits au feu de bois.<\/p>\n<ul>\n<li><strong>Pain semi-complet<\/strong>, de 1kg<\/li>\n<li><strong>Pain semi-complet au s\u00e9same ou au pavot<\/strong>, 500gr<\/li>\n<li><strong>Pain de bl\u00e9 moul\u00e9<\/strong>, 500gr ou de 1.5kg (vendu \u00e0 la coupe)<\/li>\n<li><strong>Pain noix-raisin<\/strong>, 400gr.<\/li>\n<li><strong>Pain pur petit-\u00e9peautre<\/strong>, r\u00e9alis\u00e9 avec un levain de petit-\u00e9peautre, 750gr ou 1.75kg vendu \u00e0 la coupe.<\/li>\n<\/ul>\n<p>&nbsp;<\/p>\n<p>&nbsp;<\/p>\n<div data-carousel-extra='{\"blog_id\":1,\"permalink\":\"https:\\\/\\\/www.fermedesainteluce.com\\\/web\\\/decouvrez-nos-produits\\\/le-pain\\\/\",\"likes_blog_id\":false}' class=\"tiled-gallery type-rectangular tiled-gallery-unresized\" data-original-width=\"1200\"><div class=\"gallery-row\" style=\"width: 1195px; height: 525px;\"><div class=\"gallery-group images-1\" style=\"width: 798px; height: 529px;\"><div class=\"tiled-gallery-item tiled-gallery-item-large\"><a href=\"https:\/\/www.fermedesainteluce.com\/web\/wp-content\/uploads\/2018\/10\/DSC_0073-e1538563226443.jpg\"><img data-attachment-id=\"524\" data-orig-file=\"https:\/\/www.fermedesainteluce.com\/web\/wp-content\/uploads\/2018\/10\/DSC_0073-e1538563226443.jpg\" data-orig-size=\"1000,662\" data-comments-opened=\"0\" data-image-meta=\"{&quot;aperture&quot;:&quot;9&quot;,&quot;credit&quot;:&quot;&quot;,&quot;camera&quot;:&quot;NIKON D5100&quot;,&quot;caption&quot;:&quot;&quot;,&quot;created_timestamp&quot;:&quot;1536924393&quot;,&quot;copyright&quot;:&quot;&quot;,&quot;focal_length&quot;:&quot;32&quot;,&quot;iso&quot;:&quot;100&quot;,&quot;shutter_speed&quot;:&quot;0.003125&quot;,&quot;title&quot;:&quot;&quot;,&quot;orientation&quot;:&quot;1&quot;,&quot;keywords&quot;:&quot;Array&quot;}\" data-image-title=\"DSC_0073\" data-image-description=\"\" data-medium-file=\"https:\/\/www.fermedesainteluce.com\/web\/wp-content\/uploads\/2018\/10\/DSC_0073-300x199.jpg\" data-large-file=\"https:\/\/www.fermedesainteluce.com\/web\/wp-content\/uploads\/2018\/10\/DSC_0073-1024x678.jpg\" src=\"https:\/\/www.fermedesainteluce.com\/web\/wp-content\/uploads\/2018\/10\/DSC_0073-e1538563226443.jpg?w=794&#038;h=525\" width=\"794\" height=\"525\" align=\"left\" title=\"DSC_0073\" \/><\/a><\/div><\/div><div class=\"gallery-group images-2\" style=\"width: 397px; height: 529px;\"><div class=\"tiled-gallery-item tiled-gallery-item-large\"><a href=\"https:\/\/www.fermedesainteluce.com\/web\/wp-content\/uploads\/2018\/09\/DSC_0078.jpg\"><img data-attachment-id=\"400\" data-orig-file=\"https:\/\/www.fermedesainteluce.com\/web\/wp-content\/uploads\/2018\/09\/DSC_0078.jpg\" data-orig-size=\"1680,1113\" data-comments-opened=\"0\" data-image-meta=\"{&quot;aperture&quot;:&quot;0&quot;,&quot;credit&quot;:&quot;&quot;,&quot;camera&quot;:&quot;&quot;,&quot;caption&quot;:&quot;&quot;,&quot;created_timestamp&quot;:&quot;0&quot;,&quot;copyright&quot;:&quot;&quot;,&quot;focal_length&quot;:&quot;0&quot;,&quot;iso&quot;:&quot;0&quot;,&quot;shutter_speed&quot;:&quot;0&quot;,&quot;title&quot;:&quot;&quot;,&quot;orientation&quot;:&quot;0&quot;,&quot;keywords&quot;:&quot;Array&quot;}\" data-image-title=\"pain\" data-image-description=\"\" data-medium-file=\"https:\/\/www.fermedesainteluce.com\/web\/wp-content\/uploads\/2018\/09\/DSC_0078-300x199.jpg\" data-large-file=\"https:\/\/www.fermedesainteluce.com\/web\/wp-content\/uploads\/2018\/09\/DSC_0078-1024x678.jpg\" src=\"https:\/\/www.fermedesainteluce.com\/web\/wp-content\/uploads\/2018\/09\/DSC_0078.jpg?w=393&#038;h=260\" width=\"393\" height=\"260\" align=\"left\" title=\"pain\" \/><\/a><div class=\"tiled-gallery-caption\">Pain au s\u00e9same<\/div><\/div><div class=\"tiled-gallery-item tiled-gallery-item-large\"><a href=\"https:\/\/www.fermedesainteluce.com\/web\/wp-content\/uploads\/2018\/09\/DSC_0076.jpg\"><img data-attachment-id=\"399\" data-orig-file=\"https:\/\/www.fermedesainteluce.com\/web\/wp-content\/uploads\/2018\/09\/DSC_0076.jpg\" data-orig-size=\"1680,1113\" data-comments-opened=\"0\" data-image-meta=\"{&quot;aperture&quot;:&quot;0&quot;,&quot;credit&quot;:&quot;&quot;,&quot;camera&quot;:&quot;&quot;,&quot;caption&quot;:&quot;&quot;,&quot;created_timestamp&quot;:&quot;0&quot;,&quot;copyright&quot;:&quot;&quot;,&quot;focal_length&quot;:&quot;0&quot;,&quot;iso&quot;:&quot;0&quot;,&quot;shutter_speed&quot;:&quot;0&quot;,&quot;title&quot;:&quot;&quot;,&quot;orientation&quot;:&quot;0&quot;,&quot;keywords&quot;:&quot;Array&quot;}\" data-image-title=\"pain\" data-image-description=\"\" data-medium-file=\"https:\/\/www.fermedesainteluce.com\/web\/wp-content\/uploads\/2018\/09\/DSC_0076-300x199.jpg\" data-large-file=\"https:\/\/www.fermedesainteluce.com\/web\/wp-content\/uploads\/2018\/09\/DSC_0076-1024x678.jpg\" src=\"https:\/\/www.fermedesainteluce.com\/web\/wp-content\/uploads\/2018\/09\/DSC_0076.jpg?w=393&#038;h=261\" width=\"393\" height=\"261\" align=\"left\" title=\"pain\" \/><\/a><div class=\"tiled-gallery-caption\">Pain au pavot<\/div><\/div><\/div><\/div><div class=\"gallery-row\" style=\"width: 1195px; height: 296px;\"><div class=\"gallery-group images-1\" style=\"width: 398px; height: 300px;\"><div class=\"tiled-gallery-item tiled-gallery-item-large\"><a href=\"https:\/\/www.fermedesainteluce.com\/web\/wp-content\/uploads\/2018\/09\/IMG_20180914_172926.jpg\"><img data-attachment-id=\"401\" data-orig-file=\"https:\/\/www.fermedesainteluce.com\/web\/wp-content\/uploads\/2018\/09\/IMG_20180914_172926.jpg\" data-orig-size=\"1680,1260\" data-comments-opened=\"0\" data-image-meta=\"{&quot;aperture&quot;:&quot;0&quot;,&quot;credit&quot;:&quot;&quot;,&quot;camera&quot;:&quot;&quot;,&quot;caption&quot;:&quot;&quot;,&quot;created_timestamp&quot;:&quot;0&quot;,&quot;copyright&quot;:&quot;&quot;,&quot;focal_length&quot;:&quot;0&quot;,&quot;iso&quot;:&quot;0&quot;,&quot;shutter_speed&quot;:&quot;0&quot;,&quot;title&quot;:&quot;&quot;,&quot;orientation&quot;:&quot;0&quot;,&quot;keywords&quot;:&quot;Array&quot;}\" data-image-title=\"pain\" data-image-description=\"\" data-medium-file=\"https:\/\/www.fermedesainteluce.com\/web\/wp-content\/uploads\/2018\/09\/IMG_20180914_172926-300x225.jpg\" data-large-file=\"https:\/\/www.fermedesainteluce.com\/web\/wp-content\/uploads\/2018\/09\/IMG_20180914_172926-1024x768.jpg\" src=\"https:\/\/www.fermedesainteluce.com\/web\/wp-content\/uploads\/2018\/09\/IMG_20180914_172926.jpg?w=394&#038;h=296\" width=\"394\" height=\"296\" align=\"left\" title=\"pain\" \/><\/a><div class=\"tiled-gallery-caption\">Pain noix-raisin<\/div><\/div><\/div><div class=\"gallery-group images-1\" style=\"width: 398px; height: 300px;\"><div class=\"tiled-gallery-item tiled-gallery-item-large\"><a href=\"https:\/\/www.fermedesainteluce.com\/web\/wp-content\/uploads\/2018\/09\/IMG_20180914_172613.jpg\"><img data-attachment-id=\"408\" data-orig-file=\"https:\/\/www.fermedesainteluce.com\/web\/wp-content\/uploads\/2018\/09\/IMG_20180914_172613.jpg\" data-orig-size=\"1680,1260\" data-comments-opened=\"0\" data-image-meta=\"{&quot;aperture&quot;:&quot;0&quot;,&quot;credit&quot;:&quot;&quot;,&quot;camera&quot;:&quot;&quot;,&quot;caption&quot;:&quot;&quot;,&quot;created_timestamp&quot;:&quot;0&quot;,&quot;copyright&quot;:&quot;&quot;,&quot;focal_length&quot;:&quot;0&quot;,&quot;iso&quot;:&quot;0&quot;,&quot;shutter_speed&quot;:&quot;0&quot;,&quot;title&quot;:&quot;&quot;,&quot;orientation&quot;:&quot;0&quot;,&quot;keywords&quot;:&quot;Array&quot;}\" data-image-title=\"pain\" data-image-description=\"\" data-medium-file=\"https:\/\/www.fermedesainteluce.com\/web\/wp-content\/uploads\/2018\/09\/IMG_20180914_172613-300x225.jpg\" data-large-file=\"https:\/\/www.fermedesainteluce.com\/web\/wp-content\/uploads\/2018\/09\/IMG_20180914_172613-1024x768.jpg\" src=\"https:\/\/www.fermedesainteluce.com\/web\/wp-content\/uploads\/2018\/09\/IMG_20180914_172613.jpg?w=394&#038;h=296\" width=\"394\" height=\"296\" align=\"left\" title=\"pain\" \/><\/a><div class=\"tiled-gallery-caption\">Pain de petit-epeautre<\/div><\/div><\/div><div class=\"gallery-group images-1\" style=\"width: 399px; height: 300px;\"><div class=\"tiled-gallery-item tiled-gallery-item-large\"><a href=\"https:\/\/www.fermedesainteluce.com\/web\/wp-content\/uploads\/2018\/09\/IMG_20180914_173402.jpg\"><img data-attachment-id=\"402\" data-orig-file=\"https:\/\/www.fermedesainteluce.com\/web\/wp-content\/uploads\/2018\/09\/IMG_20180914_173402.jpg\" data-orig-size=\"1680,1260\" data-comments-opened=\"0\" data-image-meta=\"{&quot;aperture&quot;:&quot;0&quot;,&quot;credit&quot;:&quot;&quot;,&quot;camera&quot;:&quot;&quot;,&quot;caption&quot;:&quot;&quot;,&quot;created_timestamp&quot;:&quot;0&quot;,&quot;copyright&quot;:&quot;&quot;,&quot;focal_length&quot;:&quot;0&quot;,&quot;iso&quot;:&quot;0&quot;,&quot;shutter_speed&quot;:&quot;0&quot;,&quot;title&quot;:&quot;&quot;,&quot;orientation&quot;:&quot;0&quot;,&quot;keywords&quot;:&quot;Array&quot;}\" data-image-title=\"pain\" data-image-description=\"\" data-medium-file=\"https:\/\/www.fermedesainteluce.com\/web\/wp-content\/uploads\/2018\/09\/IMG_20180914_173402-300x225.jpg\" data-large-file=\"https:\/\/www.fermedesainteluce.com\/web\/wp-content\/uploads\/2018\/09\/IMG_20180914_173402-1024x768.jpg\" src=\"https:\/\/www.fermedesainteluce.com\/web\/wp-content\/uploads\/2018\/09\/IMG_20180914_173402.jpg?w=395&#038;h=296\" width=\"395\" height=\"296\" align=\"left\" title=\"pain\" \/><\/a><div class=\"tiled-gallery-caption\">La vari\u00e9t\u00e9 des pains que nous proposons<\/div><\/div><\/div><\/div><\/div>\n","protected":false},"excerpt":{"rendered":"<p>Notre pain et nos biscuits sont fabriqu\u00e9s au levain naturel, p\u00e9tris \u00e0 la main et cuits au feu de bois. Pain semi-complet, de 1kg Pain semi-complet au s\u00e9same ou au pavot, 500gr Pain de bl\u00e9 moul\u00e9, 500gr ou de 1.5kg (vendu \u00e0 la coupe) Pain [&hellip;]<\/p>\n","protected":false},"author":1,"featured_media":0,"parent":267,"menu_order":0,"comment_status":"closed","ping_status":"closed","template":"template-full.php","meta":{"_custom_body_class":"","_custom_post_class":""},"_links":{"self":[{"href":"https:\/\/www.fermedesainteluce.com\/web\/wp-json\/wp\/v2\/pages\/282"}],"collection":[{"href":"https:\/\/www.fermedesainteluce.com\/web\/wp-json\/wp\/v2\/pages"}],"about":[{"href":"https:\/\/www.fermedesainteluce.com\/web\/wp-json\/wp\/v2\/types\/page"}],"author":[{"embeddable":true,"href":"https:\/\/www.fermedesainteluce.com\/web\/wp-json\/wp\/v2\/users\/1"}],"replies":[{"embeddable":true,"href":"https:\/\/www.fermedesainteluce.com\/web\/wp-json\/wp\/v2\/comments?post=282"}],"version-history":[{"count":20,"href":"https:\/\/www.fermedesainteluce.com\/web\/wp-json\/wp\/v2\/pages\/282\/revisions"}],"predecessor-version":[{"id":1044,"href":"https:\/\/www.fermedesainteluce.com\/web\/wp-json\/wp\/v2\/pages\/282\/revisions\/1044"}],"up":[{"embeddable":true,"href":"https:\/\/www.fermedesainteluce.com\/web\/wp-json\/wp\/v2\/pages\/267"}],"wp:attachment":[{"href":"https:\/\/www.fermedesainteluce.com\/web\/wp-json\/wp\/v2\/media?parent=282"}],"curies":[{"name":"wp","href":"https:\/\/api.w.org\/{rel}","templated":true}]}}

<p>Notre pain et nos biscuits sont fabriqués au levain naturel, pétris à la main et cuits au feu de bois.</p>
<ul>
<li><strong>Pain semi-complet</strong>, de 1kg</li>
<li><strong>Pain semi-complet au sésame ou au pavot</strong>, 500gr</li>
<li><strong>Pain de blé moulé</strong>, 500gr ou de 1.5kg (vendu à la coupe)</li>
<li><strong>Pain noix-raisin</strong>, 400gr.</li>
<li><strong>Pain pur petit-épeautre</strong>, réalisé avec un levain de petit-épeautre, 750gr ou 1.75kg vendu à la coupe.</li>
</ul>
<p>&nbsp;</p>
<p>&nbsp;</p>
<div data-carousel-extra='{"blog_id":1,"permalink":"https:\/\/www.fermedesainteluce.com\/web\/decouvrez-nos-produits\/le-pain\/","likes_blog_id":false}' class="tiled-gallery type-rectangular tiled-gallery-unresized" data-original-width="1200"><div class="gallery-row" style="width: 1195px; height: 525px;"><div class="gallery-group images-1" style="width: 798px; height: 529px;"><div class="tiled-gallery-item tiled-gallery-item-large"><a href="https://www.fermedesainteluce.com/web/wp-content/uploads/2018/10/DSC_0073-e1538563226443.jpg"><img data-attachment-id="524" data-orig-file="https://www.fermedesainteluce.com/web/wp-content/uploads/2018/10/DSC_0073-e1538563226443.jpg" data-orig-size="1000,662" data-comments-opened="0" data-image-meta="{&quot;aperture&quot;:&quot;9&quot;,&quot;credit&quot;:&quot;&quot;,&quot;camera&quot;:&quot;NIKON D5100&quot;,&quot;caption&quot;:&quot;&quot;,&quot;created_timestamp&quot;:&quot;1536924393&quot;,&quot;copyright&quot;:&quot;&quot;,&quot;focal_length&quot;:&quot;32&quot;,&quot;iso&quot;:&quot;100&quot;,&quot;shutter_speed&quot;:&quot;0.003125&quot;,&quot;title&quot;:&quot;&quot;,&quot;orientation&quot;:&quot;1&quot;,&quot;keywords&quot;:&quot;Array&quot;}" data-image-title="DSC_0073" data-image-description="" data-medium-file="https://www.fermedesainteluce.com/web/wp-content/uploads/2018/10/DSC_0073-300x199.jpg" data-large-file="https://www.fermedesainteluce.com/web/wp-content/uploads/2018/10/DSC_0073-1024x678.jpg" src="https://www.fermedesainteluce.com/web/wp-content/uploads/2018/10/DSC_0073-e1538563226443.jpg?w=794&#038;h=525" width="794" height="525" align="left" title="DSC_0073" /></a></div></div><div class="gallery-group images-2" style="width: 397px; height: 529px;"><div class="tiled-gallery-item tiled-gallery-item-large"><a href="https://www.fermedesainteluce.com/web/wp-content/uploads/2018/09/DSC_0078.jpg"><img data-attachment-id="400" data-orig-file="https://www.fermedesainteluce.com/web/wp-content/uploads/2018/09/DSC_0078.jpg" data-orig-size="1680,1113" data-comments-opened="0" data-image-meta="{&quot;aperture&quot;:&quot;0&quot;,&quot;credit&quot;:&quot;&quot;,&quot;camera&quot;:&quot;&quot;,&quot;caption&quot;:&quot;&quot;,&quot;created_timestamp&quot;:&quot;0&quot;,&quot;copyright&quot;:&quot;&quot;,&quot;focal_length&quot;:&quot;0&quot;,&quot;iso&quot;:&quot;0&quot;,&quot;shutter_speed&quot;:&quot;0&quot;,&quot;title&quot;:&quot;&quot;,&quot;orientation&quot;:&quot;0&quot;,&quot;keywords&quot;:&quot;Array&quot;}" data-image-title="pain" data-image-description="" data-medium-file="https://www.fermedesainteluce.com/web/wp-content/uploads/2018/09/DSC_0078-300x199.jpg" data-large-file="https://www.fermedesainteluce.com/web/wp-content/uploads/2018/09/DSC_0078-1024x678.jpg" src="https://www.fermedesainteluce.com/web/wp-content/uploads/2018/09/DSC_0078.jpg?w=393&#038;h=260" width="393" height="260" align="left" title="pain" /></a><div class="tiled-gallery-caption">Pain au sésame</div></div><div class="tiled-gallery-item tiled-gallery-item-large"><a href="https://www.fermedesainteluce.com/web/wp-content/uploads/2018/09/DSC_0076.jpg"><img data-attachment-id="399" data-orig-file="https://www.fermedesainteluce.com/web/wp-content/uploads/2018/09/DSC_0076.jpg" data-orig-size="1680,1113" data-comments-opened="0" data-image-meta="{&quot;aperture&quot;:&quot;0&quot;,&quot;credit&quot;:&quot;&quot;,&quot;camera&quot;:&quot;&quot;,&quot;caption&quot;:&quot;&quot;,&quot;created_timestamp&quot;:&quot;0&quot;,&quot;copyright&quot;:&quot;&quot;,&quot;focal_length&quot;:&quot;0&quot;,&quot;iso&quot;:&quot;0&quot;,&quot;shutter_speed&quot;:&quot;0&quot;,&quot;title&quot;:&quot;&quot;,&quot;orientation&quot;:&quot;0&quot;,&quot;keywords&quot;:&quot;Array&quot;}" data-image-title="pain" data-image-description="" data-medium-file="https://www.fermedesainteluce.com/web/wp-content/uploads/2018/09/DSC_0076-300x199.jpg" data-large-file="https://www.fermedesainteluce.com/web/wp-content/uploads/2018/09/DSC_0076-1024x678.jpg" src="https://www.fermedesainteluce.com/web/wp-content/uploads/2018/09/DSC_0076.jpg?w=393&#038;h=261" width="393" height="261" align="left" title="pain" /></a><div class="tiled-gallery-caption">Pain au pavot</div></div></div></div><div class="gallery-row" style="width: 1195px; height: 296px;"><div class="gallery-group images-1" style="width: 398px; height: 300px;"><div class="tiled-gallery-item tiled-gallery-item-large"><a href="https://www.fermedesainteluce.com/web/wp-content/uploads/2018/09/IMG_20180914_172926.jpg"><img data-attachment-id="401" data-orig-file="https://www.fermedesainteluce.com/web/wp-content/uploads/2018/09/IMG_20180914_172926.jpg" data-orig-size="1680,1260" data-comments-opened="0" data-image-meta="{&quot;aperture&quot;:&quot;0&quot;,&quot;credit&quot;:&quot;&quot;,&quot;camera&quot;:&quot;&quot;,&quot;caption&quot;:&quot;&quot;,&quot;created_timestamp&quot;:&quot;0&quot;,&quot;copyright&quot;:&quot;&quot;,&quot;focal_length&quot;:&quot;0&quot;,&quot;iso&quot;:&quot;0&quot;,&quot;shutter_speed&quot;:&quot;0&quot;,&quot;title&quot;:&quot;&quot;,&quot;orientation&quot;:&quot;0&quot;,&quot;keywords&quot;:&quot;Array&quot;}" data-image-title="pain" data-image-description="" data-medium-file="https://www.fermedesainteluce.com/web/wp-content/uploads/2018/09/IMG_20180914_172926-300x225.jpg" data-large-file="https://www.fermedesainteluce.com/web/wp-content/uploads/2018/09/IMG_20180914_172926-1024x768.jpg" src="https://www.fermedesainteluce.com/web/wp-content/uploads/2018/09/IMG_20180914_172926.jpg?w=394&#038;h=296" width="394" height="296" align="left" title="pain" /></a><div class="tiled-gallery-caption">Pain noix-raisin</div></div></div><div class="gallery-group images-1" style="width: 398px; height: 300px;"><div class="tiled-gallery-item tiled-gallery-item-large"><a href="https://www.fermedesainteluce.com/web/wp-content/uploads/2018/09/IMG_20180914_172613.jpg"><img data-attachment-id="408" data-orig-file="https://www.fermedesainteluce.com/web/wp-content/uploads/2018/09/IMG_20180914_172613.jpg" data-orig-size="1680,1260" data-comments-opened="0" data-image-meta="{&quot;aperture&quot;:&quot;0&quot;,&quot;credit&quot;:&quot;&quot;,&quot;camera&quot;:&quot;&quot;,&quot;caption&quot;:&quot;&quot;,&quot;created_timestamp&quot;:&quot;0&quot;,&quot;copyright&quot;:&quot;&quot;,&quot;focal_length&quot;:&quot;0&quot;,&quot;iso&quot;:&quot;0&quot;,&quot;shutter_speed&quot;:&quot;0&quot;,&quot;title&quot;:&quot;&quot;,&quot;orientation&quot;:&quot;0&quot;,&quot;keywords&quot;:&quot;Array&quot;}" data-image-title="pain" data-image-description="" data-medium-file="https://www.fermedesainteluce.com/web/wp-content/uploads/2018/09/IMG_20180914_172613-300x225.jpg" data-large-file="https://www.fermedesainteluce.com/web/wp-content/uploads/2018/09/IMG_20180914_172613-1024x768.jpg" src="https://www.fermedesainteluce.com/web/wp-content/uploads/2018/09/IMG_20180914_172613.jpg?w=394&#038;h=296" width="394" height="296" align="left" title="pain" /></a><div class="tiled-gallery-caption">Pain de petit-epeautre</div></div></div><div class="gallery-group images-1" style="width: 399px; height: 300px;"><div class="tiled-gallery-item tiled-gallery-item-large"><a href="https://www.fermedesainteluce.com/web/wp-content/uploads/2018/09/IMG_20180914_173402.jpg"><img data-attachment-id="402" data-orig-file="https://www.fermedesainteluce.com/web/wp-content/uploads/2018/09/IMG_20180914_173402.jpg" data-orig-size="1680,1260" data-comments-opened="0" data-image-meta="{&quot;aperture&quot;:&quot;0&quot;,&quot;credit&quot;:&quot;&quot;,&quot;camera&quot;:&quot;&quot;,&quot;caption&quot;:&quot;&quot;,&quot;created_timestamp&quot;:&quot;0&quot;,&quot;copyright&quot;:&quot;&quot;,&quot;focal_length&quot;:&quot;0&quot;,&quot;iso&quot;:&quot;0&quot;,&quot;shutter_speed&quot;:&quot;0&quot;,&quot;title&quot;:&quot;&quot;,&quot;orientation&quot;:&quot;0&quot;,&quot;keywords&quot;:&quot;Array&quot;}" data-image-title="pain" data-image-description="" data-medium-file="https://www.fermedesainteluce.com/web/wp-content/uploads/2018/09/IMG_20180914_173402-300x225.jpg" data-large-file="https://www.fermedesainteluce.com/web/wp-content/uploads/2018/09/IMG_20180914_173402-1024x768.jpg" src="https://www.fermedesainteluce.com/web/wp-content/uploads/2018/09/IMG_20180914_173402.jpg?w=395&#038;h=296" width="395" height="296" align="left" title="pain" /></a><div class="tiled-gallery-caption">La variété des pains que nous proposons</div></div></div></div></div>

<p>Notre pain et nos biscuits sont fabriqués au levain naturel, pétris à la main et cuits au feu de bois. Pain semi-complet, de 1kg Pain semi-complet au sésame ou au pavot, 500gr Pain de blé moulé, 500gr ou de 1.5kg (vendu à la coupe) Pain [&hellip;]</p>
