{"id":286,"date":"2018-09-25T15:58:42","date_gmt":"2018-09-25T13:58:42","guid":{"rendered":"https:\/\/www.fermedesainteluce.com\/web\/?page_id=286"},"modified":"2024-12-05T11:46:48","modified_gmt":"2024-12-05T10:46:48","slug":"bienvenue-a-sainte-luce","status":"publish","type":"page","link":"https:\/\/www.fermedesainteluce.com\/web\/","title":{"rendered":"Bienvenue \u00e0 Sainte Luce"},"content":{"rendered":"<div data-carousel-extra='{\"blog_id\":1,\"permalink\":\"https:\\\/\\\/www.fermedesainteluce.com\\\/web\\\/\",\"likes_blog_id\":false}' class=\"tiled-gallery type-rectangular tiled-gallery-unresized\" data-original-width=\"1200\"><div class=\"gallery-row\" style=\"width: 1195px; height: 570px;\"><div class=\"gallery-group images-1\" style=\"width: 764px; height: 574px;\"><div class=\"tiled-gallery-item tiled-gallery-item-large\"><a href=\"https:\/\/www.fermedesainteluce.com\/web\/wp-content\/uploads\/2018\/09\/IMG_20180912_125049.jpg\"><img data-attachment-id=\"411\" data-orig-file=\"https:\/\/www.fermedesainteluce.com\/web\/wp-content\/uploads\/2018\/09\/IMG_20180912_125049.jpg\" data-orig-size=\"1680,1260\" data-comments-opened=\"0\" data-image-meta=\"{&quot;aperture&quot;:&quot;0&quot;,&quot;credit&quot;:&quot;&quot;,&quot;camera&quot;:&quot;&quot;,&quot;caption&quot;:&quot;&quot;,&quot;created_timestamp&quot;:&quot;0&quot;,&quot;copyright&quot;:&quot;&quot;,&quot;focal_length&quot;:&quot;0&quot;,&quot;iso&quot;:&quot;0&quot;,&quot;shutter_speed&quot;:&quot;0&quot;,&quot;title&quot;:&quot;&quot;,&quot;orientation&quot;:&quot;0&quot;,&quot;keywords&quot;:&quot;Array&quot;}\" data-image-title=\"prairie\" data-image-description=\"\" data-medium-file=\"https:\/\/www.fermedesainteluce.com\/web\/wp-content\/uploads\/2018\/09\/IMG_20180912_125049-300x225.jpg\" data-large-file=\"https:\/\/www.fermedesainteluce.com\/web\/wp-content\/uploads\/2018\/09\/IMG_20180912_125049-1024x768.jpg\" src=\"https:\/\/www.fermedesainteluce.com\/web\/wp-content\/uploads\/2018\/09\/IMG_20180912_125049.jpg?w=760&#038;h=570\" width=\"760\" height=\"570\" align=\"left\" title=\"prairie\" \/><\/a><div class=\"tiled-gallery-caption\">D&#8217;avril \u00e0 octobre environ, les vaches p\u00e2turent aux alentours de l&#8217;\u00e9table. <\/div><\/div><\/div><div class=\"gallery-group images-2\" style=\"width: 431px; height: 574px;\"><div class=\"tiled-gallery-item tiled-gallery-item-large\"><a href=\"https:\/\/www.fermedesainteluce.com\/web\/wp-content\/uploads\/2018\/09\/DSC_0045.jpg\"><img data-attachment-id=\"451\" data-orig-file=\"https:\/\/www.fermedesainteluce.com\/web\/wp-content\/uploads\/2018\/09\/DSC_0045.jpg\" data-orig-size=\"1680,1113\" data-comments-opened=\"0\" data-image-meta=\"{&quot;aperture&quot;:&quot;0&quot;,&quot;credit&quot;:&quot;&quot;,&quot;camera&quot;:&quot;&quot;,&quot;caption&quot;:&quot;&quot;,&quot;created_timestamp&quot;:&quot;0&quot;,&quot;copyright&quot;:&quot;&quot;,&quot;focal_length&quot;:&quot;0&quot;,&quot;iso&quot;:&quot;0&quot;,&quot;shutter_speed&quot;:&quot;0&quot;,&quot;title&quot;:&quot;&quot;,&quot;orientation&quot;:&quot;0&quot;,&quot;keywords&quot;:&quot;Array&quot;}\" data-image-title=\"pain\" data-image-description=\"\" data-medium-file=\"https:\/\/www.fermedesainteluce.com\/web\/wp-content\/uploads\/2018\/09\/DSC_0045-300x199.jpg\" data-large-file=\"https:\/\/www.fermedesainteluce.com\/web\/wp-content\/uploads\/2018\/09\/DSC_0045-1024x678.jpg\" src=\"https:\/\/www.fermedesainteluce.com\/web\/wp-content\/uploads\/2018\/09\/DSC_0045.jpg?w=427&#038;h=283\" width=\"427\" height=\"283\" align=\"left\" title=\"pain\" \/><\/a><div class=\"tiled-gallery-caption\">le pain qui sort du four&#8230;<\/div><\/div><div class=\"tiled-gallery-item tiled-gallery-item-large\"><a href=\"https:\/\/www.fermedesainteluce.com\/web\/wp-content\/uploads\/2018\/09\/DSC_0119-2.jpg\"><img data-attachment-id=\"370\" data-orig-file=\"https:\/\/www.fermedesainteluce.com\/web\/wp-content\/uploads\/2018\/09\/DSC_0119-2.jpg\" data-orig-size=\"1680,1113\" data-comments-opened=\"0\" data-image-meta=\"{&quot;aperture&quot;:&quot;0&quot;,&quot;credit&quot;:&quot;&quot;,&quot;camera&quot;:&quot;&quot;,&quot;caption&quot;:&quot;&quot;,&quot;created_timestamp&quot;:&quot;0&quot;,&quot;copyright&quot;:&quot;&quot;,&quot;focal_length&quot;:&quot;0&quot;,&quot;iso&quot;:&quot;0&quot;,&quot;shutter_speed&quot;:&quot;0&quot;,&quot;title&quot;:&quot;&quot;,&quot;orientation&quot;:&quot;0&quot;,&quot;keywords&quot;:&quot;Array&quot;}\" data-image-title=\"Cochon de Sainte Luce\" data-image-description=\"\" data-medium-file=\"https:\/\/www.fermedesainteluce.com\/web\/wp-content\/uploads\/2018\/09\/DSC_0119-2-300x199.jpg\" data-large-file=\"https:\/\/www.fermedesainteluce.com\/web\/wp-content\/uploads\/2018\/09\/DSC_0119-2-1024x678.jpg\" src=\"https:\/\/www.fermedesainteluce.com\/web\/wp-content\/uploads\/2018\/09\/DSC_0119-2.jpg?w=427&#038;h=283\" width=\"427\" height=\"283\" align=\"left\" title=\"Cochon de Sainte Luce\" \/><\/a><div class=\"tiled-gallery-caption\">cochon<\/div><\/div><\/div><\/div><\/div>\n<p>Bienvenue sur le site de la ferme de Sainte Luce, vous y trouverez des informations sur notre ferme, les produits, les points de vente et toutes les actualit\u00e9s !<\/p>\n<p>La ferme de Sainte-Luce se trouve dans le petit village du m\u00eame nom \u00e0 1150 m\u00e8tres d&#8217;altitude dans le Beaumont aux limites de l&#8217;Is\u00e8re et des Hautes-Alpes. Reprise par quatre amis en 2001, nous sommes aujourd&#8217;hui une vingtaine \u00e0 travailler sur les diff\u00e9rents ateliers.<\/p>\n<p>Afin de travailler au plus pr\u00e8s de nos convictions et pour \u00eatre clairs avec nos clients, nous produisons en \u00ab\u00a0<strong>Agriculture Biologique<\/strong>\u00a0\u00bb. Nous prenons beaucoup de plaisir \u00e0 fabriquer nos produits et nous esp\u00e9rons qu\u2019ils vous en procurent autant.<\/p>\n<p>En juin 2021, tous les travailleurs se sont r\u00e9unis pour d\u00e9finir la Raison d\u2019\u00catre de la ferme de Sainte Luce. Il s&#8217;agissait pour nous de parler de notre vision, de notre engagement, et du sens que nous mettons \u00e0 notre travail, et d&#8217;\u00e9crire ensemble de courtes phrases pour rendre compte de ce qui nous relie dans notre collectif, ce que nous faisons vivre, et le cap que nous souhaitons tenir. Cette Raison d\u2019\u00catre sera \u00e9volutive et vivante. Nous la partageons ici avec vous.<\/p>\n<p style=\"text-align: center;\"><span style=\"font-family: comic sans ms, sans-serif;\"><em><strong>\u00ab La Ferme de Sainte Luce est un lieu collectif de production biologique, d\u2019exploration, d\u2019\u00e9changes et de formation.<\/strong><\/em><\/span><br \/><span style=\"font-family: comic sans ms, sans-serif;\"><em><strong>Le fruit de son activit\u00e9 paysanne et artisanale nourrit les besoins de ses travailleurs et r\u00e9gale ses clients.<\/strong><\/em><\/span><br \/><span style=\"font-family: comic sans ms, sans-serif;\"><em><strong>Elle aspire au respect du vivant et invite \u00e0 prendre soin des \u00eatres humains, des animaux, des territoires et de l\u2019environnement. \u00bb<\/strong><\/em><\/span><\/p>\n<p>Venez donc nous rendre visite, nous serons heureux de partager avec vous quelques moments.<\/p>\n<p><em>Toute l&#8217;\u00e9quipe de la ferme<\/em><\/p>\n<p style=\"text-align: center;\">\u00a0\u00a0\u00a0\u00a0\u00a0\u00a0\u00a0\u00a0\u00a0\u00a0\u00a0\u00a0 \u00a0\u00a0<\/p>\n\n\n<div class=\"is-layout-constrained wp-block-group\"><div class=\"wp-block-group__inner-container\"><div class=\"wp-block-image\">\n<figure class=\"aligncenter size-full is-resized\"><img decoding=\"async\" loading=\"lazy\" src=\"https:\/\/www.fermedesainteluce.com\/web\/wp-content\/uploads\/2024\/12\/image.png\" alt=\"\" class=\"wp-image-1566\" width=\"155\" height=\"68\"\/><\/figure><\/div><\/div><\/div>\n\n\n<div class=\"wp-block-image\">\n<figure class=\"aligncenter size-full is-resized\"><img decoding=\"async\" loading=\"lazy\" src=\"https:\/\/www.fermedesainteluce.com\/web\/wp-content\/uploads\/2024\/12\/Capture-decran-2024-12-05-114516.png\" alt=\"\" class=\"wp-image-1571\" width=\"575\" height=\"80\" srcset=\"https:\/\/www.fermedesainteluce.com\/web\/wp-content\/uploads\/2024\/12\/Capture-decran-2024-12-05-114516.png 774w, https:\/\/www.fermedesainteluce.com\/web\/wp-content\/uploads\/2024\/12\/Capture-decran-2024-12-05-114516-300x42.png 300w, https:\/\/www.fermedesainteluce.com\/web\/wp-content\/uploads\/2024\/12\/Capture-decran-2024-12-05-114516-768x107.png 768w\" sizes=\"(max-width: 575px) 100vw, 575px\" \/><\/figure><\/div>","protected":false},"excerpt":{"rendered":"<p>Bienvenue sur le site de la ferme de Sainte Luce, vous y trouverez des informations sur notre ferme, les produits, les points de vente et toutes les actualit\u00e9s ! La ferme de Sainte-Luce se trouve dans le petit village du m\u00eame nom \u00e0 1150 m\u00e8tres [&hellip;]<\/p>\n","protected":false},"author":1,"featured_media":0,"parent":0,"menu_order":0,"comment_status":"closed","ping_status":"closed","template":"template-full.php","meta":{"_custom_body_class":"","_custom_post_class":""},"_links":{"self":[{"href":"https:\/\/www.fermedesainteluce.com\/web\/wp-json\/wp\/v2\/pages\/286"}],"collection":[{"href":"https:\/\/www.fermedesainteluce.com\/web\/wp-json\/wp\/v2\/pages"}],"about":[{"href":"https:\/\/www.fermedesainteluce.com\/web\/wp-json\/wp\/v2\/types\/page"}],"author":[{"embeddable":true,"href":"https:\/\/www.fermedesainteluce.com\/web\/wp-json\/wp\/v2\/users\/1"}],"replies":[{"embeddable":true,"href":"https:\/\/www.fermedesainteluce.com\/web\/wp-json\/wp\/v2\/comments?post=286"}],"version-history":[{"count":19,"href":"https:\/\/www.fermedesainteluce.com\/web\/wp-json\/wp\/v2\/pages\/286\/revisions"}],"predecessor-version":[{"id":1572,"href":"https:\/\/www.fermedesainteluce.com\/web\/wp-json\/wp\/v2\/pages\/286\/revisions\/1572"}],"wp:attachment":[{"href":"https:\/\/www.fermedesainteluce.com\/web\/wp-json\/wp\/v2\/media?parent=286"}],"curies":[{"name":"wp","href":"https:\/\/api.w.org\/{rel}","templated":true}]}}

Bienvenue à Sainte Luce

<div data-carousel-extra='{"blog_id":1,"permalink":"https:\/\/www.fermedesainteluce.com\/web\/","likes_blog_id":false}' class="tiled-gallery type-rectangular tiled-gallery-unresized" data-original-width="1200"><div class="gallery-row" style="width: 1195px; height: 570px;"><div class="gallery-group images-1" style="width: 764px; height: 574px;"><div class="tiled-gallery-item tiled-gallery-item-large"><a href="https://www.fermedesainteluce.com/web/wp-content/uploads/2018/09/IMG_20180912_125049.jpg"><img data-attachment-id="411" data-orig-file="https://www.fermedesainteluce.com/web/wp-content/uploads/2018/09/IMG_20180912_125049.jpg" data-orig-size="1680,1260" data-comments-opened="0" data-image-meta="{&quot;aperture&quot;:&quot;0&quot;,&quot;credit&quot;:&quot;&quot;,&quot;camera&quot;:&quot;&quot;,&quot;caption&quot;:&quot;&quot;,&quot;created_timestamp&quot;:&quot;0&quot;,&quot;copyright&quot;:&quot;&quot;,&quot;focal_length&quot;:&quot;0&quot;,&quot;iso&quot;:&quot;0&quot;,&quot;shutter_speed&quot;:&quot;0&quot;,&quot;title&quot;:&quot;&quot;,&quot;orientation&quot;:&quot;0&quot;,&quot;keywords&quot;:&quot;Array&quot;}" data-image-title="prairie" data-image-description="" data-medium-file="https://www.fermedesainteluce.com/web/wp-content/uploads/2018/09/IMG_20180912_125049-300x225.jpg" data-large-file="https://www.fermedesainteluce.com/web/wp-content/uploads/2018/09/IMG_20180912_125049-1024x768.jpg" src="https://www.fermedesainteluce.com/web/wp-content/uploads/2018/09/IMG_20180912_125049.jpg?w=760&#038;h=570" width="760" height="570" align="left" title="prairie" /></a><div class="tiled-gallery-caption">D&#8217;avril à octobre environ, les vaches pâturent aux alentours de l&#8217;étable. </div></div></div><div class="gallery-group images-2" style="width: 431px; height: 574px;"><div class="tiled-gallery-item tiled-gallery-item-large"><a href="https://www.fermedesainteluce.com/web/wp-content/uploads/2018/09/DSC_0045.jpg"><img data-attachment-id="451" data-orig-file="https://www.fermedesainteluce.com/web/wp-content/uploads/2018/09/DSC_0045.jpg" data-orig-size="1680,1113" data-comments-opened="0" data-image-meta="{&quot;aperture&quot;:&quot;0&quot;,&quot;credit&quot;:&quot;&quot;,&quot;camera&quot;:&quot;&quot;,&quot;caption&quot;:&quot;&quot;,&quot;created_timestamp&quot;:&quot;0&quot;,&quot;copyright&quot;:&quot;&quot;,&quot;focal_length&quot;:&quot;0&quot;,&quot;iso&quot;:&quot;0&quot;,&quot;shutter_speed&quot;:&quot;0&quot;,&quot;title&quot;:&quot;&quot;,&quot;orientation&quot;:&quot;0&quot;,&quot;keywords&quot;:&quot;Array&quot;}" data-image-title="pain" data-image-description="" data-medium-file="https://www.fermedesainteluce.com/web/wp-content/uploads/2018/09/DSC_0045-300x199.jpg" data-large-file="https://www.fermedesainteluce.com/web/wp-content/uploads/2018/09/DSC_0045-1024x678.jpg" src="https://www.fermedesainteluce.com/web/wp-content/uploads/2018/09/DSC_0045.jpg?w=427&#038;h=283" width="427" height="283" align="left" title="pain" /></a><div class="tiled-gallery-caption">le pain qui sort du four&#8230;</div></div><div class="tiled-gallery-item tiled-gallery-item-large"><a href="https://www.fermedesainteluce.com/web/wp-content/uploads/2018/09/DSC_0119-2.jpg"><img data-attachment-id="370" data-orig-file="https://www.fermedesainteluce.com/web/wp-content/uploads/2018/09/DSC_0119-2.jpg" data-orig-size="1680,1113" data-comments-opened="0" data-image-meta="{&quot;aperture&quot;:&quot;0&quot;,&quot;credit&quot;:&quot;&quot;,&quot;camera&quot;:&quot;&quot;,&quot;caption&quot;:&quot;&quot;,&quot;created_timestamp&quot;:&quot;0&quot;,&quot;copyright&quot;:&quot;&quot;,&quot;focal_length&quot;:&quot;0&quot;,&quot;iso&quot;:&quot;0&quot;,&quot;shutter_speed&quot;:&quot;0&quot;,&quot;title&quot;:&quot;&quot;,&quot;orientation&quot;:&quot;0&quot;,&quot;keywords&quot;:&quot;Array&quot;}" data-image-title="Cochon de Sainte Luce" data-image-description="" data-medium-file="https://www.fermedesainteluce.com/web/wp-content/uploads/2018/09/DSC_0119-2-300x199.jpg" data-large-file="https://www.fermedesainteluce.com/web/wp-content/uploads/2018/09/DSC_0119-2-1024x678.jpg" src="https://www.fermedesainteluce.com/web/wp-content/uploads/2018/09/DSC_0119-2.jpg?w=427&#038;h=283" width="427" height="283" align="left" title="Cochon de Sainte Luce" /></a><div class="tiled-gallery-caption">cochon</div></div></div></div></div>
<p>Bienvenue sur le site de la ferme de Sainte Luce, vous y trouverez des informations sur notre ferme, les produits, les points de vente et toutes les actualités !</p>
<p>La ferme de Sainte-Luce se trouve dans le petit village du même nom à 1150 mètres d&#8217;altitude dans le Beaumont aux limites de l&#8217;Isère et des Hautes-Alpes. Reprise par quatre amis en 2001, nous sommes aujourd&#8217;hui une vingtaine à travailler sur les différents ateliers.</p>
<p>Afin de travailler au plus près de nos convictions et pour être clairs avec nos clients, nous produisons en « <strong>Agriculture Biologique</strong> ». Nous prenons beaucoup de plaisir à fabriquer nos produits et nous espérons qu’ils vous en procurent autant.</p>
<p>En juin 2021, tous les travailleurs se sont réunis pour définir la Raison d’Être de la ferme de Sainte Luce. Il s&#8217;agissait pour nous de parler de notre vision, de notre engagement, et du sens que nous mettons à notre travail, et d&#8217;écrire ensemble de courtes phrases pour rendre compte de ce qui nous relie dans notre collectif, ce que nous faisons vivre, et le cap que nous souhaitons tenir. Cette Raison d’Être sera évolutive et vivante. Nous la partageons ici avec vous.</p>
<p style="text-align: center;"><span style="font-family: comic sans ms, sans-serif;"><em><strong>« La Ferme de Sainte Luce est un lieu collectif de production biologique, d’exploration, d’échanges et de formation.</strong></em></span><br /><span style="font-family: comic sans ms, sans-serif;"><em><strong>Le fruit de son activité paysanne et artisanale nourrit les besoins de ses travailleurs et régale ses clients.</strong></em></span><br /><span style="font-family: comic sans ms, sans-serif;"><em><strong>Elle aspire au respect du vivant et invite à prendre soin des êtres humains, des animaux, des territoires et de l’environnement. »</strong></em></span></p>
<p>Venez donc nous rendre visite, nous serons heureux de partager avec vous quelques moments.</p>
<p><em>Toute l&#8217;équipe de la ferme</em></p>
<p style="text-align: center;">               </p>


<div class="is-layout-constrained wp-block-group"><div class="wp-block-group__inner-container"><div class="wp-block-image">
<figure class="aligncenter size-full is-resized"><img decoding="async" loading="lazy" src="https://www.fermedesainteluce.com/web/wp-content/uploads/2024/12/image.png" alt="" class="wp-image-1566" width="155" height="68"/></figure></div></div></div>


<div class="wp-block-image">
<figure class="aligncenter size-full is-resized"><img decoding="async" loading="lazy" src="https://www.fermedesainteluce.com/web/wp-content/uploads/2024/12/Capture-decran-2024-12-05-114516.png" alt="" class="wp-image-1571" width="575" height="80" srcset="https://www.fermedesainteluce.com/web/wp-content/uploads/2024/12/Capture-decran-2024-12-05-114516.png 774w, https://www.fermedesainteluce.com/web/wp-content/uploads/2024/12/Capture-decran-2024-12-05-114516-300x42.png 300w, https://www.fermedesainteluce.com/web/wp-content/uploads/2024/12/Capture-decran-2024-12-05-114516-768x107.png 768w" sizes="(max-width: 575px) 100vw, 575px" /></figure></div>

<p>Bienvenue sur le site de la ferme de Sainte Luce, vous y trouverez des informations sur notre ferme, les produits, les points de vente et toutes les actualités ! La ferme de Sainte-Luce se trouve dans le petit village du même nom à 1150 mètres [&hellip;]</p>
