{"id":569,"date":"2018-10-04T18:36:49","date_gmt":"2018-10-04T16:36:49","guid":{"rendered":"https:\/\/www.fermedesainteluce.com\/web\/?page_id=569"},"modified":"2023-02-02T14:31:43","modified_gmt":"2023-02-02T13:31:43","slug":"les-vaches-laitieres","status":"publish","type":"page","link":"https:\/\/www.fermedesainteluce.com\/web\/decouvrir-la-ferme-de-sainte-luce\/les-vaches-laitieres\/","title":{"rendered":"Les vaches laiti\u00e8res"},"content":{"rendered":"<p>Nous \u00e9levons un troupeau de 40 vaches laiti\u00e8res ainsi qu&#8217;une cinquantaine de g\u00e9nisses. L&#8217;\u00e9t\u00e9, tout le monde est dehors. Les vaches restent aux alentours de l&#8217;\u00e9table car elles y rentrent deux fois par jours pour se faire traire. L&#8217;hiver, l&#8217;ambiance est diff\u00e9rente. Le troupeau est \u00e0 l&#8217;int\u00e9rieur et est nourri du foin r\u00e9colt\u00e9 pendant l&#8217;\u00e9t\u00e9. Tout au long de l&#8217;ann\u00e9e, l&#8217;alimentation du troupeau est compl\u00e9t\u00e9e par des c\u00e9r\u00e9ales aplaties, des prot\u00e9ines (tourteaux ) et des min\u00e9raux. Une attention toute particuli\u00e8re est apport\u00e9e \u00e0 la qualit\u00e9 du lait, puisque qu&#8217;elle joue un r\u00f4le tr\u00e8s important dans la saveur des fromages\u00a0!<\/p>\n<p>Nous exploitons 130ha de terres dont 110ha environs en prairies permanentes qui sont p\u00e2tur\u00e9es et\/ou fauch\u00e9es. Les 30 hectares restants sont des terres cultiv\u00e9es. Nous y alternons prairies artificielles, cultures pour les b\u00eates (orge, avoine, triticale) ainsi que de l&#8217;orge brassicole pour faire notre bi\u00e8re ! Cinq hectares en 2023 sont consacr\u00e9s \u00e0 l&#8217;orge brassicole, ce qui couvre 90% de notre besoin en orge.<\/p>\n<p><a href=\"https:\/\/www.fermedesainteluce.com\/web\/decouvrir-la-ferme-de-sainte-luce\/le-chantier-de-la-nouvelle-etable\/\">Depuis 2013 et la construction d&#8217;un b\u00e2timent d&#8217;\u00e9levage moderne<\/a>, une grande partie du foin est stock\u00e9e (et s\u00e9ch\u00e9e si besoin) en vrac en grange, ce qui est optimal pour la qualit\u00e9 du fourrage. <i>Voir les photos de la construction du nouveau b\u00e2timent et de la fenaison.<\/i><\/p>\n<p>Entre la fenaison, les moissons et la gestion des parcs, l&#8217;\u00e9t\u00e9 est une p\u00e9riode particuli\u00e8rement charg\u00e9e dans les champs&#8230;<\/p>\n<div data-carousel-extra='{\"blog_id\":1,\"permalink\":\"https:\\\/\\\/www.fermedesainteluce.com\\\/web\\\/decouvrir-la-ferme-de-sainte-luce\\\/les-vaches-laitieres\\\/\",\"likes_blog_id\":false}' class=\"tiled-gallery type-rectangular tiled-gallery-unresized\" data-original-width=\"1200\"><div class=\"gallery-row\" style=\"width: 1195px; height: 538px;\"><div class=\"gallery-group images-1\" style=\"width: 813px; height: 542px;\"><div class=\"tiled-gallery-item tiled-gallery-item-large\"><a href=\"https:\/\/www.fermedesainteluce.com\/web\/wp-content\/uploads\/2018\/09\/IMG_8472.jpg\"><img data-attachment-id=\"352\" data-orig-file=\"https:\/\/www.fermedesainteluce.com\/web\/wp-content\/uploads\/2018\/09\/IMG_8472.jpg\" data-orig-size=\"1024,681\" data-comments-opened=\"0\" data-image-meta=\"{&quot;aperture&quot;:&quot;0&quot;,&quot;credit&quot;:&quot;&quot;,&quot;camera&quot;:&quot;&quot;,&quot;caption&quot;:&quot;&quot;,&quot;created_timestamp&quot;:&quot;0&quot;,&quot;copyright&quot;:&quot;&quot;,&quot;focal_length&quot;:&quot;0&quot;,&quot;iso&quot;:&quot;0&quot;,&quot;shutter_speed&quot;:&quot;0&quot;,&quot;title&quot;:&quot;&quot;,&quot;orientation&quot;:&quot;0&quot;,&quot;keywords&quot;:&quot;Array&quot;}\" data-image-title=\"prairie\" data-image-description=\"\" data-medium-file=\"https:\/\/www.fermedesainteluce.com\/web\/wp-content\/uploads\/2018\/09\/IMG_8472-300x200.jpg\" data-large-file=\"https:\/\/www.fermedesainteluce.com\/web\/wp-content\/uploads\/2018\/09\/IMG_8472-1024x681.jpg\" src=\"https:\/\/www.fermedesainteluce.com\/web\/wp-content\/uploads\/2018\/09\/IMG_8472.jpg?w=809&#038;h=538\" width=\"809\" height=\"538\" align=\"left\" title=\"prairie\" \/><\/a><\/div><\/div><div class=\"gallery-group images-2\" style=\"width: 382px; height: 542px;\"><div class=\"tiled-gallery-item tiled-gallery-item-large\"><a href=\"https:\/\/www.fermedesainteluce.com\/web\/wp-content\/uploads\/2018\/09\/DSC_0227.jpg\"><img data-attachment-id=\"453\" data-orig-file=\"https:\/\/www.fermedesainteluce.com\/web\/wp-content\/uploads\/2018\/09\/DSC_0227.jpg\" data-orig-size=\"1680,1113\" data-comments-opened=\"0\" data-image-meta=\"{&quot;aperture&quot;:&quot;0&quot;,&quot;credit&quot;:&quot;&quot;,&quot;camera&quot;:&quot;&quot;,&quot;caption&quot;:&quot;&quot;,&quot;created_timestamp&quot;:&quot;0&quot;,&quot;copyright&quot;:&quot;&quot;,&quot;focal_length&quot;:&quot;0&quot;,&quot;iso&quot;:&quot;0&quot;,&quot;shutter_speed&quot;:&quot;0&quot;,&quot;title&quot;:&quot;&quot;,&quot;orientation&quot;:&quot;0&quot;,&quot;keywords&quot;:&quot;Array&quot;}\" data-image-title=\"vache\" data-image-description=\"\" data-medium-file=\"https:\/\/www.fermedesainteluce.com\/web\/wp-content\/uploads\/2018\/09\/DSC_0227-300x199.jpg\" data-large-file=\"https:\/\/www.fermedesainteluce.com\/web\/wp-content\/uploads\/2018\/09\/DSC_0227-1024x678.jpg\" src=\"https:\/\/www.fermedesainteluce.com\/web\/wp-content\/uploads\/2018\/09\/DSC_0227.jpg?w=378&#038;h=250\" width=\"378\" height=\"250\" align=\"left\" title=\"vache\" \/><\/a><\/div><div class=\"tiled-gallery-item tiled-gallery-item-large\"><a href=\"https:\/\/www.fermedesainteluce.com\/web\/wp-content\/uploads\/2018\/09\/Animations-Ferme-Etable.jpg\"><img data-attachment-id=\"309\" data-orig-file=\"https:\/\/www.fermedesainteluce.com\/web\/wp-content\/uploads\/2018\/09\/Animations-Ferme-Etable.jpg\" data-orig-size=\"3648,2736\" data-comments-opened=\"0\" data-image-meta=\"{&quot;aperture&quot;:&quot;3.5&quot;,&quot;credit&quot;:&quot;&quot;,&quot;camera&quot;:&quot;COOLPIX S550&quot;,&quot;caption&quot;:&quot;&quot;,&quot;created_timestamp&quot;:&quot;&quot;,&quot;copyright&quot;:&quot;&quot;,&quot;focal_length&quot;:&quot;6.3&quot;,&quot;iso&quot;:&quot;324&quot;,&quot;shutter_speed&quot;:&quot;0.017391304347826&quot;,&quot;title&quot;:&quot;&quot;,&quot;orientation&quot;:&quot;1&quot;,&quot;keywords&quot;:&quot;Array&quot;}\" data-image-title=\"Animations Ferme Etable\" data-image-description=\"\" data-medium-file=\"https:\/\/www.fermedesainteluce.com\/web\/wp-content\/uploads\/2018\/09\/Animations-Ferme-Etable-300x225.jpg\" data-large-file=\"https:\/\/www.fermedesainteluce.com\/web\/wp-content\/uploads\/2018\/09\/Animations-Ferme-Etable-1024x768.jpg\" src=\"https:\/\/www.fermedesainteluce.com\/web\/wp-content\/uploads\/2018\/09\/Animations-Ferme-Etable.jpg?w=378&#038;h=284\" width=\"378\" height=\"284\" align=\"left\" title=\"Animations Ferme Etable\" \/><\/a><div class=\"tiled-gallery-caption\">Visite de classe<\/div><\/div><\/div><\/div><\/div>\n","protected":false},"excerpt":{"rendered":"<p>Nous \u00e9levons un troupeau de 40 vaches laiti\u00e8res ainsi qu&#8217;une cinquantaine de g\u00e9nisses. L&#8217;\u00e9t\u00e9, tout le monde est dehors. Les vaches restent aux alentours de l&#8217;\u00e9table car elles y rentrent deux fois par jours pour se faire traire. L&#8217;hiver, l&#8217;ambiance est diff\u00e9rente. Le troupeau est [&hellip;]<\/p>\n","protected":false},"author":1,"featured_media":0,"parent":247,"menu_order":0,"comment_status":"closed","ping_status":"closed","template":"template-full.php","meta":{"_custom_body_class":"","_custom_post_class":""},"_links":{"self":[{"href":"https:\/\/www.fermedesainteluce.com\/web\/wp-json\/wp\/v2\/pages\/569"}],"collection":[{"href":"https:\/\/www.fermedesainteluce.com\/web\/wp-json\/wp\/v2\/pages"}],"about":[{"href":"https:\/\/www.fermedesainteluce.com\/web\/wp-json\/wp\/v2\/types\/page"}],"author":[{"embeddable":true,"href":"https:\/\/www.fermedesainteluce.com\/web\/wp-json\/wp\/v2\/users\/1"}],"replies":[{"embeddable":true,"href":"https:\/\/www.fermedesainteluce.com\/web\/wp-json\/wp\/v2\/comments?post=569"}],"version-history":[{"count":6,"href":"https:\/\/www.fermedesainteluce.com\/web\/wp-json\/wp\/v2\/pages\/569\/revisions"}],"predecessor-version":[{"id":1176,"href":"https:\/\/www.fermedesainteluce.com\/web\/wp-json\/wp\/v2\/pages\/569\/revisions\/1176"}],"up":[{"embeddable":true,"href":"https:\/\/www.fermedesainteluce.com\/web\/wp-json\/wp\/v2\/pages\/247"}],"wp:attachment":[{"href":"https:\/\/www.fermedesainteluce.com\/web\/wp-json\/wp\/v2\/media?parent=569"}],"curies":[{"name":"wp","href":"https:\/\/api.w.org\/{rel}","templated":true}]}}

Les vaches laitières

<p>Nous élevons un troupeau de 40 vaches laitières ainsi qu&#8217;une cinquantaine de génisses. L&#8217;été, tout le monde est dehors. Les vaches restent aux alentours de l&#8217;étable car elles y rentrent deux fois par jours pour se faire traire. L&#8217;hiver, l&#8217;ambiance est différente. Le troupeau est à l&#8217;intérieur et est nourri du foin récolté pendant l&#8217;été. Tout au long de l&#8217;année, l&#8217;alimentation du troupeau est complétée par des céréales aplaties, des protéines (tourteaux ) et des minéraux. Une attention toute particulière est apportée à la qualité du lait, puisque qu&#8217;elle joue un rôle très important dans la saveur des fromages !</p>
<p>Nous exploitons 130ha de terres dont 110ha environs en prairies permanentes qui sont pâturées et/ou fauchées. Les 30 hectares restants sont des terres cultivées. Nous y alternons prairies artificielles, cultures pour les bêtes (orge, avoine, triticale) ainsi que de l&#8217;orge brassicole pour faire notre bière ! Cinq hectares en 2023 sont consacrés à l&#8217;orge brassicole, ce qui couvre 90% de notre besoin en orge.</p>
<p><a href="https://www.fermedesainteluce.com/web/decouvrir-la-ferme-de-sainte-luce/le-chantier-de-la-nouvelle-etable/">Depuis 2013 et la construction d&#8217;un bâtiment d&#8217;élevage moderne</a>, une grande partie du foin est stockée (et séchée si besoin) en vrac en grange, ce qui est optimal pour la qualité du fourrage. <i>Voir les photos de la construction du nouveau bâtiment et de la fenaison.</i></p>
<p>Entre la fenaison, les moissons et la gestion des parcs, l&#8217;été est une période particulièrement chargée dans les champs&#8230;</p>
<div data-carousel-extra='{"blog_id":1,"permalink":"https:\/\/www.fermedesainteluce.com\/web\/decouvrir-la-ferme-de-sainte-luce\/les-vaches-laitieres\/","likes_blog_id":false}' class="tiled-gallery type-rectangular tiled-gallery-unresized" data-original-width="1200"><div class="gallery-row" style="width: 1195px; height: 538px;"><div class="gallery-group images-1" style="width: 813px; height: 542px;"><div class="tiled-gallery-item tiled-gallery-item-large"><a href="https://www.fermedesainteluce.com/web/wp-content/uploads/2018/09/IMG_8472.jpg"><img data-attachment-id="352" data-orig-file="https://www.fermedesainteluce.com/web/wp-content/uploads/2018/09/IMG_8472.jpg" data-orig-size="1024,681" data-comments-opened="0" data-image-meta="{&quot;aperture&quot;:&quot;0&quot;,&quot;credit&quot;:&quot;&quot;,&quot;camera&quot;:&quot;&quot;,&quot;caption&quot;:&quot;&quot;,&quot;created_timestamp&quot;:&quot;0&quot;,&quot;copyright&quot;:&quot;&quot;,&quot;focal_length&quot;:&quot;0&quot;,&quot;iso&quot;:&quot;0&quot;,&quot;shutter_speed&quot;:&quot;0&quot;,&quot;title&quot;:&quot;&quot;,&quot;orientation&quot;:&quot;0&quot;,&quot;keywords&quot;:&quot;Array&quot;}" data-image-title="prairie" data-image-description="" data-medium-file="https://www.fermedesainteluce.com/web/wp-content/uploads/2018/09/IMG_8472-300x200.jpg" data-large-file="https://www.fermedesainteluce.com/web/wp-content/uploads/2018/09/IMG_8472-1024x681.jpg" src="https://www.fermedesainteluce.com/web/wp-content/uploads/2018/09/IMG_8472.jpg?w=809&#038;h=538" width="809" height="538" align="left" title="prairie" /></a></div></div><div class="gallery-group images-2" style="width: 382px; height: 542px;"><div class="tiled-gallery-item tiled-gallery-item-large"><a href="https://www.fermedesainteluce.com/web/wp-content/uploads/2018/09/DSC_0227.jpg"><img data-attachment-id="453" data-orig-file="https://www.fermedesainteluce.com/web/wp-content/uploads/2018/09/DSC_0227.jpg" data-orig-size="1680,1113" data-comments-opened="0" data-image-meta="{&quot;aperture&quot;:&quot;0&quot;,&quot;credit&quot;:&quot;&quot;,&quot;camera&quot;:&quot;&quot;,&quot;caption&quot;:&quot;&quot;,&quot;created_timestamp&quot;:&quot;0&quot;,&quot;copyright&quot;:&quot;&quot;,&quot;focal_length&quot;:&quot;0&quot;,&quot;iso&quot;:&quot;0&quot;,&quot;shutter_speed&quot;:&quot;0&quot;,&quot;title&quot;:&quot;&quot;,&quot;orientation&quot;:&quot;0&quot;,&quot;keywords&quot;:&quot;Array&quot;}" data-image-title="vache" data-image-description="" data-medium-file="https://www.fermedesainteluce.com/web/wp-content/uploads/2018/09/DSC_0227-300x199.jpg" data-large-file="https://www.fermedesainteluce.com/web/wp-content/uploads/2018/09/DSC_0227-1024x678.jpg" src="https://www.fermedesainteluce.com/web/wp-content/uploads/2018/09/DSC_0227.jpg?w=378&#038;h=250" width="378" height="250" align="left" title="vache" /></a></div><div class="tiled-gallery-item tiled-gallery-item-large"><a href="https://www.fermedesainteluce.com/web/wp-content/uploads/2018/09/Animations-Ferme-Etable.jpg"><img data-attachment-id="309" data-orig-file="https://www.fermedesainteluce.com/web/wp-content/uploads/2018/09/Animations-Ferme-Etable.jpg" data-orig-size="3648,2736" data-comments-opened="0" data-image-meta="{&quot;aperture&quot;:&quot;3.5&quot;,&quot;credit&quot;:&quot;&quot;,&quot;camera&quot;:&quot;COOLPIX S550&quot;,&quot;caption&quot;:&quot;&quot;,&quot;created_timestamp&quot;:&quot;&quot;,&quot;copyright&quot;:&quot;&quot;,&quot;focal_length&quot;:&quot;6.3&quot;,&quot;iso&quot;:&quot;324&quot;,&quot;shutter_speed&quot;:&quot;0.017391304347826&quot;,&quot;title&quot;:&quot;&quot;,&quot;orientation&quot;:&quot;1&quot;,&quot;keywords&quot;:&quot;Array&quot;}" data-image-title="Animations Ferme Etable" data-image-description="" data-medium-file="https://www.fermedesainteluce.com/web/wp-content/uploads/2018/09/Animations-Ferme-Etable-300x225.jpg" data-large-file="https://www.fermedesainteluce.com/web/wp-content/uploads/2018/09/Animations-Ferme-Etable-1024x768.jpg" src="https://www.fermedesainteluce.com/web/wp-content/uploads/2018/09/Animations-Ferme-Etable.jpg?w=378&#038;h=284" width="378" height="284" align="left" title="Animations Ferme Etable" /></a><div class="tiled-gallery-caption">Visite de classe</div></div></div></div></div>

<p>Nous élevons un troupeau de 40 vaches laitières ainsi qu&#8217;une cinquantaine de génisses. L&#8217;été, tout le monde est dehors. Les vaches restent aux alentours de l&#8217;étable car elles y rentrent deux fois par jours pour se faire traire. L&#8217;hiver, l&#8217;ambiance est différente. Le troupeau est [&hellip;]</p>
