{"id":625,"date":"2018-10-10T14:40:53","date_gmt":"2018-10-10T12:40:53","guid":{"rendered":"https:\/\/www.fermedesainteluce.com\/web\/?page_id=625"},"modified":"2018-10-17T11:27:35","modified_gmt":"2018-10-17T09:27:35","slug":"newsletter","status":"publish","type":"page","link":"https:\/\/www.fermedesainteluce.com\/web\/newsletter\/","title":{"rendered":"Newsletter"},"content":{"rendered":"<p>Abonnez vous \u00e0 la lettre d&#8217;information de la ferme de Sainte Luce.<\/p>\n\t\t\t<form id=\"sib_signup_form_1\" method=\"post\" class=\"sib_signup_form\">\n\t\t\t\t<div class=\"sib_loader\" style=\"display:none;\"><img\n\t\t\t\t\t\t\tsrc=\"https:\/\/www.fermedesainteluce.com\/web\/wp-includes\/\/images\/spinner.gif\" alt=\"loader\"><\/div>\n\t\t\t\t<input type=\"hidden\" name=\"sib_form_action\" value=\"subscribe_form_submit\">\n\t\t\t\t<input type=\"hidden\" name=\"sib_form_id\" value=\"1\">\n                                <input type=\"hidden\" name=\"sib_form_alert_notice\" value=\"Please fill out this field\">\n\t\t\t\t<div class=\"sib_signup_box_inside_1\">\n\t\t\t\t\t<div style=\"\/*display:none*\/\" class=\"sib_msg_disp\">\n\t\t\t\t\t<\/div>\n\t\t\t\t\t<p>Votre adresse e-mail est uniquement utilis\u00e9e pour vous envoyer notre lettre d'information contenant des informations sur les activit\u00e9s de la Ferme de Sainte Luce. Vous pouvez \u00e0 tout moment utiliser le lien de d\u00e9sinscription inclus dans la newsletter.<\/p>\r\n<p>\r\n    <input type=\"email\" name=\"email\" required=\"required\" placeholder=\"Addresse Email*\">\u00a0\r\n\r\n\r\n    <input type=\"text\" name=\"NAME\" placeholder=\"Nom\">\u00a0\r\n    <input type=\"submit\" class=\"sib-default-btn\" value=\"S'inscrire\">\r\n<\/p>\t\t\t\t<\/div>\n\t\t\t<\/form>\n\t\t\t<style>\n\t\t\t\tform#sib_signup_form_1 p.sib-alert-message {\n    padding: 6px 12px;\n    margin-bottom: 20px;\n    border: 1px solid transparent;\n    border-radius: 4px;\n    -webkit-box-sizing: border-box;\n    -moz-box-sizing: border-box;\n    box-sizing: border-box;\n}\nform#sib_signup_form_1 p.sib-alert-message-error {\n    background-color: #f2dede;\n    border-color: #ebccd1;\n    color: #a94442;\n}\nform#sib_signup_form_1 p.sib-alert-message-success {\n    background-color: #dff0d8;\n    border-color: #d6e9c6;\n    color: #3c763d;\n}\nform#sib_signup_form_1 p.sib-alert-message-warning {\n    background-color: #fcf8e3;\n    border-color: #faebcc;\n    color: #8a6d3b;\n}\t\t\t<\/style>\n\t\t\t\n","protected":false},"excerpt":{"rendered":"<p>Abonnez vous \u00e0 la lettre d&#8217;information de la ferme de Sainte Luce.<\/p>\n","protected":false},"author":1,"featured_media":0,"parent":0,"menu_order":0,"comment_status":"closed","ping_status":"closed","template":"template-full.php","meta":{"_custom_body_class":"","_custom_post_class":""},"_links":{"self":[{"href":"https:\/\/www.fermedesainteluce.com\/web\/wp-json\/wp\/v2\/pages\/625"}],"collection":[{"href":"https:\/\/www.fermedesainteluce.com\/web\/wp-json\/wp\/v2\/pages"}],"about":[{"href":"https:\/\/www.fermedesainteluce.com\/web\/wp-json\/wp\/v2\/types\/page"}],"author":[{"embeddable":true,"href":"https:\/\/www.fermedesainteluce.com\/web\/wp-json\/wp\/v2\/users\/1"}],"replies":[{"embeddable":true,"href":"https:\/\/www.fermedesainteluce.com\/web\/wp-json\/wp\/v2\/comments?post=625"}],"version-history":[{"count":3,"href":"https:\/\/www.fermedesainteluce.com\/web\/wp-json\/wp\/v2\/pages\/625\/revisions"}],"predecessor-version":[{"id":630,"href":"https:\/\/www.fermedesainteluce.com\/web\/wp-json\/wp\/v2\/pages\/625\/revisions\/630"}],"wp:attachment":[{"href":"https:\/\/www.fermedesainteluce.com\/web\/wp-json\/wp\/v2\/media?parent=625"}],"curies":[{"name":"wp","href":"https:\/\/api.w.org\/{rel}","templated":true}]}}