{"id":841,"date":"2020-05-22T09:50:20","date_gmt":"2020-05-22T07:50:20","guid":{"rendered":"https:\/\/www.fermedesainteluce.com\/web\/?page_id=841"},"modified":"2024-01-05T16:45:33","modified_gmt":"2024-01-05T15:45:33","slug":"la-brasserie","status":"publish","type":"page","link":"https:\/\/www.fermedesainteluce.com\/web\/decouvrir-la-ferme-de-sainte-luce\/la-brasserie\/","title":{"rendered":"La brasserie"},"content":{"rendered":"\n<figure class=\"is-layout-flex wp-block-gallery-1 wp-block-gallery has-nested-images columns-default is-cropped\">\n<figure class=\"wp-block-image size-large\"><img decoding=\"async\" loading=\"lazy\" width=\"1024\" height=\"675\" data-id=\"1394\"  src=\"https:\/\/www.fermedesainteluce.com\/web\/wp-content\/uploads\/2024\/01\/IMG_20220531_0903513-1024x675.jpg\" alt=\"\" class=\"wp-image-1394\" srcset=\"https:\/\/www.fermedesainteluce.com\/web\/wp-content\/uploads\/2024\/01\/IMG_20220531_0903513-1024x675.jpg 1024w, https:\/\/www.fermedesainteluce.com\/web\/wp-content\/uploads\/2024\/01\/IMG_20220531_0903513-300x198.jpg 300w, https:\/\/www.fermedesainteluce.com\/web\/wp-content\/uploads\/2024\/01\/IMG_20220531_0903513-768x506.jpg 768w, https:\/\/www.fermedesainteluce.com\/web\/wp-content\/uploads\/2024\/01\/IMG_20220531_0903513.jpg 1280w\" sizes=\"(max-width: 1024px) 100vw, 1024px\" \/><\/figure>\n\n\n\n<figure class=\"wp-block-image size-large\"><img decoding=\"async\" loading=\"lazy\" width=\"1024\" height=\"768\" data-id=\"1395\"  src=\"https:\/\/www.fermedesainteluce.com\/web\/wp-content\/uploads\/2024\/01\/IMG_20220531_0905302-1024x768.jpg\" alt=\"\" class=\"wp-image-1395\" srcset=\"https:\/\/www.fermedesainteluce.com\/web\/wp-content\/uploads\/2024\/01\/IMG_20220531_0905302-1024x768.jpg 1024w, https:\/\/www.fermedesainteluce.com\/web\/wp-content\/uploads\/2024\/01\/IMG_20220531_0905302-300x225.jpg 300w, https:\/\/www.fermedesainteluce.com\/web\/wp-content\/uploads\/2024\/01\/IMG_20220531_0905302-768x576.jpg 768w, https:\/\/www.fermedesainteluce.com\/web\/wp-content\/uploads\/2024\/01\/IMG_20220531_0905302.jpg 1280w\" sizes=\"(max-width: 1024px) 100vw, 1024px\" \/><figcaption class=\"wp-element-caption\">Gang de brasseurs !<\/figcaption><\/figure>\n\n\n\n<figure class=\"wp-block-image size-large\"><img decoding=\"async\" loading=\"lazy\" width=\"1024\" height=\"768\" data-id=\"1396\"  src=\"https:\/\/www.fermedesainteluce.com\/web\/wp-content\/uploads\/2024\/01\/IMG_20220531_0911022-1024x768.jpg\" alt=\"\" class=\"wp-image-1396\" srcset=\"https:\/\/www.fermedesainteluce.com\/web\/wp-content\/uploads\/2024\/01\/IMG_20220531_0911022-1024x768.jpg 1024w, https:\/\/www.fermedesainteluce.com\/web\/wp-content\/uploads\/2024\/01\/IMG_20220531_0911022-300x225.jpg 300w, https:\/\/www.fermedesainteluce.com\/web\/wp-content\/uploads\/2024\/01\/IMG_20220531_0911022-768x576.jpg 768w, https:\/\/www.fermedesainteluce.com\/web\/wp-content\/uploads\/2024\/01\/IMG_20220531_0911022.jpg 1280w\" sizes=\"(max-width: 1024px) 100vw, 1024px\" \/><figcaption class=\"wp-element-caption\">Brassage !<\/figcaption><\/figure>\n\n\n\n<figure class=\"wp-block-image size-large\"><img decoding=\"async\" loading=\"lazy\" width=\"1024\" height=\"768\" data-id=\"1397\"  src=\"https:\/\/www.fermedesainteluce.com\/web\/wp-content\/uploads\/2024\/01\/IMG_20220531_0913433-1024x768.jpg\" alt=\"\" class=\"wp-image-1397\" srcset=\"https:\/\/www.fermedesainteluce.com\/web\/wp-content\/uploads\/2024\/01\/IMG_20220531_0913433-1024x768.jpg 1024w, https:\/\/www.fermedesainteluce.com\/web\/wp-content\/uploads\/2024\/01\/IMG_20220531_0913433-300x225.jpg 300w, https:\/\/www.fermedesainteluce.com\/web\/wp-content\/uploads\/2024\/01\/IMG_20220531_0913433-768x576.jpg 768w, https:\/\/www.fermedesainteluce.com\/web\/wp-content\/uploads\/2024\/01\/IMG_20220531_0913433.jpg 1280w\" sizes=\"(max-width: 1024px) 100vw, 1024px\" \/><figcaption class=\"wp-element-caption\">Fermenteur !<\/figcaption><\/figure>\n\n\n\n<figure class=\"wp-block-image size-large\"><img decoding=\"async\" loading=\"lazy\" width=\"1024\" height=\"1024\" data-id=\"1398\"  src=\"https:\/\/www.fermedesainteluce.com\/web\/wp-content\/uploads\/2024\/01\/IMG_20220531_0914132-1024x1024.jpg\" alt=\"\" class=\"wp-image-1398\" srcset=\"https:\/\/www.fermedesainteluce.com\/web\/wp-content\/uploads\/2024\/01\/IMG_20220531_0914132-1024x1024.jpg 1024w, https:\/\/www.fermedesainteluce.com\/web\/wp-content\/uploads\/2024\/01\/IMG_20220531_0914132-300x300.jpg 300w, https:\/\/www.fermedesainteluce.com\/web\/wp-content\/uploads\/2024\/01\/IMG_20220531_0914132-150x150.jpg 150w, https:\/\/www.fermedesainteluce.com\/web\/wp-content\/uploads\/2024\/01\/IMG_20220531_0914132-768x768.jpg 768w, https:\/\/www.fermedesainteluce.com\/web\/wp-content\/uploads\/2024\/01\/IMG_20220531_0914132-45x45.jpg 45w, https:\/\/www.fermedesainteluce.com\/web\/wp-content\/uploads\/2024\/01\/IMG_20220531_0914132.jpg 1280w\" sizes=\"(max-width: 1024px) 100vw, 1024px\" \/><figcaption class=\"wp-element-caption\">Embouteillage !<\/figcaption><\/figure>\n<\/figure>\n\n\n<p>La brasserie a \u00e9t\u00e9 inaugur\u00e9e en juin 2020. Elle a pris place dans l&#8217;ancienne \u00e9table apr\u00e8s de joyeux travaux. Nous y produisons notre bi\u00e8re paysanne, pr\u00e9nomm\u00e9e l\u2019\u00c9tincelle (Sainte Luce&#8230; la lumi\u00e8re&#8230; l&#8217;\u00e9tincelle&#8230; vous voyez d&#8217;o\u00f9 \u00e7a vient?)<\/p>\n<p>Une bi\u00e8re paysanne ? Oui ! Produite avec l&#8217;orge que nous cultivons, cinq hectares en 2023.<br \/>Pour le maltage de nos c\u00e9r\u00e9ales, nous travaillons avec la malterie Malt&#8217;in Pott, malterie artisanale situ\u00e9e en Haute-Savoie.<br \/>Et pour les houblons ? nous nous fournissons aupr\u00e8s de producteurs alsaciens et europ\u00e9ens.<\/p>\n<p>Au d\u00e9marrage nous avons propos\u00e9 quatre bi\u00e8res diff\u00e9rentes. Cet hiver nous en proposons sept ! De toutes les couleurs : blanche, blonde, ambr\u00e9e, rousse, noire, hiver, neipa.<\/p>\n<p>Jean et Thomas sont les brasseurs de la ferme.<\/p>\n<p>En juillet 2022, deux nouveaux fermenteurs sont arriv\u00e9s. Nous avons donc quatre fermenteurs d\u00e9sormais et la brasserie a atteint son rythme de croisi\u00e8re.<\/p>\n<p>En 2022, 20 000L de bi\u00e8re ont \u00e9t\u00e9 produits. Chaque &#8220;brassin&#8221; repr\u00e9sente 730L (cuve dans laquelle on brasse la bi\u00e8re).<\/p>\n<p>Et depuis peu, nous lavons et r\u00e9utilisons les bouteilles ! Nous les r\u00e9cup\u00e9rons rinc\u00e9es et nous avons une super laveuse. Une nouveaut\u00e9 qui nous ravit !<br \/>En cons\u00e9quence, plus d&#8217;\u00e9tiquette autocollante, mais une cartonnette enfil\u00e9e autour du goulot, avec des choses sympas \u00e0 lire dessus.<\/p>\n<p>Nous produisons aussi de la bi\u00e8re en f\u00fbts, ce qui nous permet de la proposer \u00e0 des bars, des \u00e9v\u00e8nements priv\u00e9s ou publics ou encore \u00e0 la pression \u00e0 la ferme en \u00e9t\u00e9 !<\/p>\n<p>\u00a0<\/p>","protected":false},"excerpt":{"rendered":"<p>La brasserie a \u00e9t\u00e9 inaugur\u00e9e en juin 2020. Elle a pris place dans l&#8217;ancienne \u00e9table apr\u00e8s de joyeux travaux. Nous y produisons notre bi\u00e8re paysanne, pr\u00e9nomm\u00e9e l\u2019\u00c9tincelle (Sainte Luce&#8230; la lumi\u00e8re&#8230; l&#8217;\u00e9tincelle&#8230; vous voyez d&#8217;o\u00f9 \u00e7a vient?) Une bi\u00e8re paysanne ? Oui ! Produite avec [&hellip;]<\/p>\n","protected":false},"author":2,"featured_media":0,"parent":247,"menu_order":0,"comment_status":"closed","ping_status":"closed","template":"template-full.php","meta":{"_custom_body_class":"","_custom_post_class":""},"_links":{"self":[{"href":"https:\/\/www.fermedesainteluce.com\/web\/wp-json\/wp\/v2\/pages\/841"}],"collection":[{"href":"https:\/\/www.fermedesainteluce.com\/web\/wp-json\/wp\/v2\/pages"}],"about":[{"href":"https:\/\/www.fermedesainteluce.com\/web\/wp-json\/wp\/v2\/types\/page"}],"author":[{"embeddable":true,"href":"https:\/\/www.fermedesainteluce.com\/web\/wp-json\/wp\/v2\/users\/2"}],"replies":[{"embeddable":true,"href":"https:\/\/www.fermedesainteluce.com\/web\/wp-json\/wp\/v2\/comments?post=841"}],"version-history":[{"count":7,"href":"https:\/\/www.fermedesainteluce.com\/web\/wp-json\/wp\/v2\/pages\/841\/revisions"}],"predecessor-version":[{"id":1399,"href":"https:\/\/www.fermedesainteluce.com\/web\/wp-json\/wp\/v2\/pages\/841\/revisions\/1399"}],"up":[{"embeddable":true,"href":"https:\/\/www.fermedesainteluce.com\/web\/wp-json\/wp\/v2\/pages\/247"}],"wp:attachment":[{"href":"https:\/\/www.fermedesainteluce.com\/web\/wp-json\/wp\/v2\/media?parent=841"}],"curies":[{"name":"wp","href":"https:\/\/api.w.org\/{rel}","templated":true}]}}

<figure class="is-layout-flex wp-block-gallery-1 wp-block-gallery has-nested-images columns-default is-cropped">
<figure class="wp-block-image size-large"><img decoding="async" loading="lazy" width="1024" height="675" data-id="1394"  src="https://www.fermedesainteluce.com/web/wp-content/uploads/2024/01/IMG_20220531_0903513-1024x675.jpg" alt="" class="wp-image-1394" srcset="https://www.fermedesainteluce.com/web/wp-content/uploads/2024/01/IMG_20220531_0903513-1024x675.jpg 1024w, https://www.fermedesainteluce.com/web/wp-content/uploads/2024/01/IMG_20220531_0903513-300x198.jpg 300w, https://www.fermedesainteluce.com/web/wp-content/uploads/2024/01/IMG_20220531_0903513-768x506.jpg 768w, https://www.fermedesainteluce.com/web/wp-content/uploads/2024/01/IMG_20220531_0903513.jpg 1280w" sizes="(max-width: 1024px) 100vw, 1024px" /></figure>



<figure class="wp-block-image size-large"><img decoding="async" loading="lazy" width="1024" height="768" data-id="1395"  src="https://www.fermedesainteluce.com/web/wp-content/uploads/2024/01/IMG_20220531_0905302-1024x768.jpg" alt="" class="wp-image-1395" srcset="https://www.fermedesainteluce.com/web/wp-content/uploads/2024/01/IMG_20220531_0905302-1024x768.jpg 1024w, https://www.fermedesainteluce.com/web/wp-content/uploads/2024/01/IMG_20220531_0905302-300x225.jpg 300w, https://www.fermedesainteluce.com/web/wp-content/uploads/2024/01/IMG_20220531_0905302-768x576.jpg 768w, https://www.fermedesainteluce.com/web/wp-content/uploads/2024/01/IMG_20220531_0905302.jpg 1280w" sizes="(max-width: 1024px) 100vw, 1024px" /><figcaption class="wp-element-caption">Gang de brasseurs !</figcaption></figure>



<figure class="wp-block-image size-large"><img decoding="async" loading="lazy" width="1024" height="768" data-id="1396"  src="https://www.fermedesainteluce.com/web/wp-content/uploads/2024/01/IMG_20220531_0911022-1024x768.jpg" alt="" class="wp-image-1396" srcset="https://www.fermedesainteluce.com/web/wp-content/uploads/2024/01/IMG_20220531_0911022-1024x768.jpg 1024w, https://www.fermedesainteluce.com/web/wp-content/uploads/2024/01/IMG_20220531_0911022-300x225.jpg 300w, https://www.fermedesainteluce.com/web/wp-content/uploads/2024/01/IMG_20220531_0911022-768x576.jpg 768w, https://www.fermedesainteluce.com/web/wp-content/uploads/2024/01/IMG_20220531_0911022.jpg 1280w" sizes="(max-width: 1024px) 100vw, 1024px" /><figcaption class="wp-element-caption">Brassage !</figcaption></figure>



<figure class="wp-block-image size-large"><img decoding="async" loading="lazy" width="1024" height="768" data-id="1397"  src="https://www.fermedesainteluce.com/web/wp-content/uploads/2024/01/IMG_20220531_0913433-1024x768.jpg" alt="" class="wp-image-1397" srcset="https://www.fermedesainteluce.com/web/wp-content/uploads/2024/01/IMG_20220531_0913433-1024x768.jpg 1024w, https://www.fermedesainteluce.com/web/wp-content/uploads/2024/01/IMG_20220531_0913433-300x225.jpg 300w, https://www.fermedesainteluce.com/web/wp-content/uploads/2024/01/IMG_20220531_0913433-768x576.jpg 768w, https://www.fermedesainteluce.com/web/wp-content/uploads/2024/01/IMG_20220531_0913433.jpg 1280w" sizes="(max-width: 1024px) 100vw, 1024px" /><figcaption class="wp-element-caption">Fermenteur !</figcaption></figure>



<figure class="wp-block-image size-large"><img decoding="async" loading="lazy" width="1024" height="1024" data-id="1398"  src="https://www.fermedesainteluce.com/web/wp-content/uploads/2024/01/IMG_20220531_0914132-1024x1024.jpg" alt="" class="wp-image-1398" srcset="https://www.fermedesainteluce.com/web/wp-content/uploads/2024/01/IMG_20220531_0914132-1024x1024.jpg 1024w, https://www.fermedesainteluce.com/web/wp-content/uploads/2024/01/IMG_20220531_0914132-300x300.jpg 300w, https://www.fermedesainteluce.com/web/wp-content/uploads/2024/01/IMG_20220531_0914132-150x150.jpg 150w, https://www.fermedesainteluce.com/web/wp-content/uploads/2024/01/IMG_20220531_0914132-768x768.jpg 768w, https://www.fermedesainteluce.com/web/wp-content/uploads/2024/01/IMG_20220531_0914132-45x45.jpg 45w, https://www.fermedesainteluce.com/web/wp-content/uploads/2024/01/IMG_20220531_0914132.jpg 1280w" sizes="(max-width: 1024px) 100vw, 1024px" /><figcaption class="wp-element-caption">Embouteillage !</figcaption></figure>
</figure>


<p>La brasserie a été inaugurée en juin 2020. Elle a pris place dans l&#8217;ancienne étable après de joyeux travaux. Nous y produisons notre bière paysanne, prénommée l’Étincelle (Sainte Luce&#8230; la lumière&#8230; l&#8217;étincelle&#8230; vous voyez d&#8217;où ça vient?)</p>
<p>Une bière paysanne ? Oui ! Produite avec l&#8217;orge que nous cultivons, cinq hectares en 2023.<br />Pour le maltage de nos céréales, nous travaillons avec la malterie Malt&#8217;in Pott, malterie artisanale située en Haute-Savoie.<br />Et pour les houblons ? nous nous fournissons auprès de producteurs alsaciens et européens.</p>
<p>Au démarrage nous avons proposé quatre bières différentes. Cet hiver nous en proposons sept ! De toutes les couleurs : blanche, blonde, ambrée, rousse, noire, hiver, neipa.</p>
<p>Jean et Thomas sont les brasseurs de la ferme.</p>
<p>En juillet 2022, deux nouveaux fermenteurs sont arrivés. Nous avons donc quatre fermenteurs désormais et la brasserie a atteint son rythme de croisière.</p>
<p>En 2022, 20 000L de bière ont été produits. Chaque &#8220;brassin&#8221; représente 730L (cuve dans laquelle on brasse la bière).</p>
<p>Et depuis peu, nous lavons et réutilisons les bouteilles ! Nous les récupérons rincées et nous avons une super laveuse. Une nouveauté qui nous ravit !<br />En conséquence, plus d&#8217;étiquette autocollante, mais une cartonnette enfilée autour du goulot, avec des choses sympas à lire dessus.</p>
<p>Nous produisons aussi de la bière en fûts, ce qui nous permet de la proposer à des bars, des évènements privés ou publics ou encore à la pression à la ferme en été !</p>
<p> </p>

<p>La brasserie a été inaugurée en juin 2020. Elle a pris place dans l&#8217;ancienne étable après de joyeux travaux. Nous y produisons notre bière paysanne, prénommée l’Étincelle (Sainte Luce&#8230; la lumière&#8230; l&#8217;étincelle&#8230; vous voyez d&#8217;où ça vient?) Une bière paysanne ? Oui ! Produite avec [&hellip;]</p>
